{"id":4627,"date":"2024-05-02T12:26:34","date_gmt":"2024-05-02T10:26:34","guid":{"rendered":"https:\/\/www.espaciosalvaje.com\/?post_type=tour&#038;p=4627"},"modified":"2024-06-23T21:06:03","modified_gmt":"2024-06-23T19:06:03","slug":"observation-of-iberian-wolf","status":"publish","type":"tour","link":"https:\/\/www.espaciosalvaje.com\/en\/tour\/observacion-de-lobo-iberico\/","title":{"rendered":"Iberian Wolf Observation"},"content":{"rendered":"<p>The Iberian Wolf Center of CyL \u2013 F\u00e9lix Rodr\u00edguez de la Fuente is an educational and socioeconomic revitalization resource linked to the Wolf Conservation and Management Plan in Castilla y Le\u00f3n. Located in the northwest of the province of Zamora, it is located on a Public Utility Mountain in the town of Robledo de Sanabria (Puebla de Sanabria), with an area of 21 hectares.<\/p>\n<p style=\"font-weight: 400;\">It has several observatories within the complex where you can see the specimens from the center, getting to have them very very close.<\/p>\n<p style=\"font-weight: 400;\">We have areas outside the center where we can see it in total freedom, write to us to consult these activities.<\/p>","protected":false},"excerpt":{"rendered":"<p>The Iberian Wolf Center of Castilla y Le\u00f3n is an educational complex located in the Spanish town of Robledo, belonging to the municipality of Puebla de Sanabria, in the northwestern area of the province of Zamora, autonomous community of Castilla y Le\u00f3n. It was inaugurated in October 2015.<\/p>","protected":false},"author":1,"featured_media":4522,"template":"","meta":{"site-sidebar-layout":"default","site-content-layout":"","ast-site-content-layout":"default","site-content-style":"default","site-sidebar-style":"default","ast-global-header-display":"","ast-banner-title-visibility":"","ast-main-header-display":"","ast-hfb-above-header-display":"","ast-hfb-below-header-display":"","ast-hfb-mobile-header-display":"","site-post-title":"","ast-breadcrumbs-content":"","ast-featured-img":"","footer-sml-layout":"","ast-disable-related-posts":"","theme-transparent-header-meta":"default","adv-header-id-meta":"","stick-header-meta":"default","header-above-stick-meta":"","header-main-stick-meta":"","header-below-stick-meta":"","astra-migrate-meta-layouts":"set","ast-page-background-enabled":"default","ast-page-background-meta":{"desktop":{"background-color":"var(--ast-global-color-4)","background-image":"","background-repeat":"repeat","background-position":"center center","background-size":"auto","background-attachment":"scroll","background-type":"","background-media":"","overlay-type":"","overlay-color":"","overlay-opacity":"","overlay-gradient":""},"tablet":{"background-color":"","background-image":"","background-repeat":"repeat","background-position":"center center","background-size":"auto","background-attachment":"scroll","background-type":"","background-media":"","overlay-type":"","overlay-color":"","overlay-opacity":"","overlay-gradient":""},"mobile":{"background-color":"","background-image":"","background-repeat":"repeat","background-position":"center center","background-size":"auto","background-attachment":"scroll","background-type":"","background-media":"","overlay-type":"","overlay-color":"","overlay-opacity":"","overlay-gradient":""}},"ast-content-background-meta":{"desktop":{"background-color":"var(--ast-global-color-5)","background-image":"","background-repeat":"repeat","background-position":"center center","background-size":"auto","background-attachment":"scroll","background-type":"","background-media":"","overlay-type":"","overlay-color":"","overlay-opacity":"","overlay-gradient":""},"tablet":{"background-color":"var(--ast-global-color-5)","background-image":"","background-repeat":"repeat","background-position":"center center","background-size":"auto","background-attachment":"scroll","background-type":"","background-media":"","overlay-type":"","overlay-color":"","overlay-opacity":"","overlay-gradient":""},"mobile":{"background-color":"var(--ast-global-color-5)","background-image":"","background-repeat":"repeat","background-position":"center center","background-size":"auto","background-attachment":"scroll","background-type":"","background-media":"","overlay-type":"","overlay-color":"","overlay-opacity":"","overlay-gradient":""}},"footnotes":""},"tour_category":[],"tour_tag":[],"class_list":["post-4627","tour","type-tour","status-publish","has-post-thumbnail","hentry"],"yoast_head":"<!-- This site is optimized with the Yoast SEO plugin v27.4 - https:\/\/yoast.com\/product\/yoast-seo-wordpress\/ -->\n<title>Observaci\u00f3n de Lobo Ib\u00e9rico - Espacio Salvaje<\/title>\n<meta name=\"robots\" content=\"index, follow, max-snippet:-1, max-image-preview:large, max-video-preview:-1\" \/>\n<link rel=\"canonical\" href=\"https:\/\/www.espaciosalvaje.com\/en\/tour\/observation-of-iberian-wolf\/\" \/>\n<meta property=\"og:locale\" content=\"en_US\" \/>\n<meta property=\"og:type\" content=\"article\" \/>\n<meta property=\"og:title\" content=\"Observaci\u00f3n de Lobo Ib\u00e9rico - Espacio Salvaje\" \/>\n<meta property=\"og:description\" content=\"El Centro del Lobo Ib\u00e9rico de Castilla y Le\u00f3n es un complejo educativo ubicado en la localidad espa\u00f1ola de Robledo, perteneciente al municipio de Puebla de Sanabria, en la zona noroccidental de la provincia de Zamora, comunidad aut\u00f3noma de Castilla y Le\u00f3n. Fue inaugurado en octubre de 2015.\" \/>\n<meta property=\"og:url\" content=\"https:\/\/www.espaciosalvaje.com\/en\/tour\/observation-of-iberian-wolf\/\" \/>\n<meta property=\"og:site_name\" content=\"Espacio Salvaje\" \/>\n<meta property=\"article:modified_time\" content=\"2024-06-23T19:06:03+00:00\" \/>\n<meta property=\"og:image\" content=\"https:\/\/www.espaciosalvaje.com\/wp-content\/uploads\/2024\/02\/2022-038-Miguel-Angel-Gago-Gago-scaled.jpg\" \/>\n\t<meta property=\"og:image:width\" content=\"1920\" \/>\n\t<meta property=\"og:image:height\" content=\"1484\" \/>\n\t<meta property=\"og:image:type\" content=\"image\/jpeg\" \/>\n<meta name=\"twitter:card\" content=\"summary_large_image\" \/>\n<script type=\"application\/ld+json\" class=\"yoast-schema-graph\">{\"@context\":\"https:\\\/\\\/schema.org\",\"@graph\":[{\"@type\":\"WebPage\",\"@id\":\"https:\\\/\\\/www.espaciosalvaje.com\\\/tour\\\/observacion-de-lobo-iberico\\\/\",\"url\":\"https:\\\/\\\/www.espaciosalvaje.com\\\/tour\\\/observacion-de-lobo-iberico\\\/\",\"name\":\"Observaci\u00f3n de Lobo Ib\u00e9rico - Espacio Salvaje\",\"isPartOf\":{\"@id\":\"https:\\\/\\\/www.espaciosalvaje.com\\\/#website\"},\"primaryImageOfPage\":{\"@id\":\"https:\\\/\\\/www.espaciosalvaje.com\\\/tour\\\/observacion-de-lobo-iberico\\\/#primaryimage\"},\"image\":{\"@id\":\"https:\\\/\\\/www.espaciosalvaje.com\\\/tour\\\/observacion-de-lobo-iberico\\\/#primaryimage\"},\"thumbnailUrl\":\"https:\\\/\\\/www.espaciosalvaje.com\\\/wp-content\\\/uploads\\\/2024\\\/02\\\/2022-038-Miguel-Angel-Gago-Gago-scaled.jpg\",\"datePublished\":\"2024-05-02T10:26:34+00:00\",\"dateModified\":\"2024-06-23T19:06:03+00:00\",\"breadcrumb\":{\"@id\":\"https:\\\/\\\/www.espaciosalvaje.com\\\/tour\\\/observacion-de-lobo-iberico\\\/#breadcrumb\"},\"inLanguage\":\"en-US\",\"potentialAction\":[{\"@type\":\"ReadAction\",\"target\":[\"https:\\\/\\\/www.espaciosalvaje.com\\\/tour\\\/observacion-de-lobo-iberico\\\/\"]}]},{\"@type\":\"ImageObject\",\"inLanguage\":\"en-US\",\"@id\":\"https:\\\/\\\/www.espaciosalvaje.com\\\/tour\\\/observacion-de-lobo-iberico\\\/#primaryimage\",\"url\":\"https:\\\/\\\/www.espaciosalvaje.com\\\/wp-content\\\/uploads\\\/2024\\\/02\\\/2022-038-Miguel-Angel-Gago-Gago-scaled.jpg\",\"contentUrl\":\"https:\\\/\\\/www.espaciosalvaje.com\\\/wp-content\\\/uploads\\\/2024\\\/02\\\/2022-038-Miguel-Angel-Gago-Gago-scaled.jpg\",\"width\":1920,\"height\":1484},{\"@type\":\"BreadcrumbList\",\"@id\":\"https:\\\/\\\/www.espaciosalvaje.com\\\/tour\\\/observacion-de-lobo-iberico\\\/#breadcrumb\",\"itemListElement\":[{\"@type\":\"ListItem\",\"position\":1,\"name\":\"Inicio\",\"item\":\"https:\\\/\\\/www.espaciosalvaje.com\\\/\"},{\"@type\":\"ListItem\",\"position\":2,\"name\":\"Observaci\u00f3n de Lobo Ib\u00e9rico\"}]},{\"@type\":\"WebSite\",\"@id\":\"https:\\\/\\\/www.espaciosalvaje.com\\\/#website\",\"url\":\"https:\\\/\\\/www.espaciosalvaje.com\\\/\",\"name\":\"Espacio Salvaje\",\"description\":\"Fotograf\u00eda de Naturaleza - Fauna y naturaleza en estado puro\",\"publisher\":{\"@id\":\"https:\\\/\\\/www.espaciosalvaje.com\\\/#organization\"},\"potentialAction\":[{\"@type\":\"SearchAction\",\"target\":{\"@type\":\"EntryPoint\",\"urlTemplate\":\"https:\\\/\\\/www.espaciosalvaje.com\\\/?s={search_term_string}\"},\"query-input\":{\"@type\":\"PropertyValueSpecification\",\"valueRequired\":true,\"valueName\":\"search_term_string\"}}],\"inLanguage\":\"en-US\"},{\"@type\":\"Organization\",\"@id\":\"https:\\\/\\\/www.espaciosalvaje.com\\\/#organization\",\"name\":\"Espacio Salvaje\",\"url\":\"https:\\\/\\\/www.espaciosalvaje.com\\\/\",\"logo\":{\"@type\":\"ImageObject\",\"inLanguage\":\"en-US\",\"@id\":\"https:\\\/\\\/www.espaciosalvaje.com\\\/#\\\/schema\\\/logo\\\/image\\\/\",\"url\":\"https:\\\/\\\/www.espaciosalvaje.com\\\/wp-content\\\/uploads\\\/2023\\\/04\\\/Logo-espacio-salvaje.png\",\"contentUrl\":\"https:\\\/\\\/www.espaciosalvaje.com\\\/wp-content\\\/uploads\\\/2023\\\/04\\\/Logo-espacio-salvaje.png\",\"width\":1678,\"height\":1678,\"caption\":\"Espacio Salvaje\"},\"image\":{\"@id\":\"https:\\\/\\\/www.espaciosalvaje.com\\\/#\\\/schema\\\/logo\\\/image\\\/\"}}]}<\/script>\n<!-- \/ Yoast SEO plugin. -->","yoast_head_json":{"title":"Iberian Wolf Observation - Espacio Salvaje","robots":{"index":"index","follow":"follow","max-snippet":"max-snippet:-1","max-image-preview":"max-image-preview:large","max-video-preview":"max-video-preview:-1"},"canonical":"https:\/\/www.espaciosalvaje.com\/en\/tour\/observation-of-iberian-wolf\/","og_locale":"en_US","og_type":"article","og_title":"Observaci\u00f3n de Lobo Ib\u00e9rico - Espacio Salvaje","og_description":"El Centro del Lobo Ib\u00e9rico de Castilla y Le\u00f3n es un complejo educativo ubicado en la localidad espa\u00f1ola de Robledo, perteneciente al municipio de Puebla de Sanabria, en la zona noroccidental de la provincia de Zamora, comunidad aut\u00f3noma de Castilla y Le\u00f3n. Fue inaugurado en octubre de 2015.","og_url":"https:\/\/www.espaciosalvaje.com\/en\/tour\/observation-of-iberian-wolf\/","og_site_name":"Espacio Salvaje","article_modified_time":"2024-06-23T19:06:03+00:00","og_image":[{"width":1920,"height":1484,"url":"https:\/\/www.espaciosalvaje.com\/wp-content\/uploads\/2024\/02\/2022-038-Miguel-Angel-Gago-Gago-scaled.jpg","type":"image\/jpeg"}],"twitter_card":"summary_large_image","schema":{"@context":"https:\/\/schema.org","@graph":[{"@type":"WebPage","@id":"https:\/\/www.espaciosalvaje.com\/tour\/observacion-de-lobo-iberico\/","url":"https:\/\/www.espaciosalvaje.com\/tour\/observacion-de-lobo-iberico\/","name":"Iberian Wolf Observation - Espacio Salvaje","isPartOf":{"@id":"https:\/\/www.espaciosalvaje.com\/#website"},"primaryImageOfPage":{"@id":"https:\/\/www.espaciosalvaje.com\/tour\/observacion-de-lobo-iberico\/#primaryimage"},"image":{"@id":"https:\/\/www.espaciosalvaje.com\/tour\/observacion-de-lobo-iberico\/#primaryimage"},"thumbnailUrl":"https:\/\/www.espaciosalvaje.com\/wp-content\/uploads\/2024\/02\/2022-038-Miguel-Angel-Gago-Gago-scaled.jpg","datePublished":"2024-05-02T10:26:34+00:00","dateModified":"2024-06-23T19:06:03+00:00","breadcrumb":{"@id":"https:\/\/www.espaciosalvaje.com\/tour\/observacion-de-lobo-iberico\/#breadcrumb"},"inLanguage":"en-US","potentialAction":[{"@type":"ReadAction","target":["https:\/\/www.espaciosalvaje.com\/tour\/observacion-de-lobo-iberico\/"]}]},{"@type":"ImageObject","inLanguage":"en-US","@id":"https:\/\/www.espaciosalvaje.com\/tour\/observacion-de-lobo-iberico\/#primaryimage","url":"https:\/\/www.espaciosalvaje.com\/wp-content\/uploads\/2024\/02\/2022-038-Miguel-Angel-Gago-Gago-scaled.jpg","contentUrl":"https:\/\/www.espaciosalvaje.com\/wp-content\/uploads\/2024\/02\/2022-038-Miguel-Angel-Gago-Gago-scaled.jpg","width":1920,"height":1484},{"@type":"BreadcrumbList","@id":"https:\/\/www.espaciosalvaje.com\/tour\/observacion-de-lobo-iberico\/#breadcrumb","itemListElement":[{"@type":"ListItem","position":1,"name":"Inicio","item":"https:\/\/www.espaciosalvaje.com\/"},{"@type":"ListItem","position":2,"name":"Observaci\u00f3n de Lobo Ib\u00e9rico"}]},{"@type":"WebSite","@id":"https:\/\/www.espaciosalvaje.com\/#website","url":"https:\/\/www.espaciosalvaje.com\/","name":"Espacio Salvaje","description":"Nature Photography - Fauna and nature in its purest form","publisher":{"@id":"https:\/\/www.espaciosalvaje.com\/#organization"},"potentialAction":[{"@type":"SearchAction","target":{"@type":"EntryPoint","urlTemplate":"https:\/\/www.espaciosalvaje.com\/?s={search_term_string}"},"query-input":{"@type":"PropertyValueSpecification","valueRequired":true,"valueName":"search_term_string"}}],"inLanguage":"en-US"},{"@type":"Organization","@id":"https:\/\/www.espaciosalvaje.com\/#organization","name":"Espacio Salvaje","url":"https:\/\/www.espaciosalvaje.com\/","logo":{"@type":"ImageObject","inLanguage":"en-US","@id":"https:\/\/www.espaciosalvaje.com\/#\/schema\/logo\/image\/","url":"https:\/\/www.espaciosalvaje.com\/wp-content\/uploads\/2023\/04\/Logo-espacio-salvaje.png","contentUrl":"https:\/\/www.espaciosalvaje.com\/wp-content\/uploads\/2023\/04\/Logo-espacio-salvaje.png","width":1678,"height":1678,"caption":"Espacio Salvaje"},"image":{"@id":"https:\/\/www.espaciosalvaje.com\/#\/schema\/logo\/image\/"}}]}},"_links":{"self":[{"href":"https:\/\/www.espaciosalvaje.com\/en\/wp-json\/wp\/v2\/tour\/4627","targetHints":{"allow":["GET"]}}],"collection":[{"href":"https:\/\/www.espaciosalvaje.com\/en\/wp-json\/wp\/v2\/tour"}],"about":[{"href":"https:\/\/www.espaciosalvaje.com\/en\/wp-json\/wp\/v2\/types\/tour"}],"author":[{"embeddable":true,"href":"https:\/\/www.espaciosalvaje.com\/en\/wp-json\/wp\/v2\/users\/1"}],"version-history":[{"count":3,"href":"https:\/\/www.espaciosalvaje.com\/en\/wp-json\/wp\/v2\/tour\/4627\/revisions"}],"predecessor-version":[{"id":4690,"href":"https:\/\/www.espaciosalvaje.com\/en\/wp-json\/wp\/v2\/tour\/4627\/revisions\/4690"}],"wp:featuredmedia":[{"embeddable":true,"href":"https:\/\/www.espaciosalvaje.com\/en\/wp-json\/wp\/v2\/media\/4522"}],"wp:attachment":[{"href":"https:\/\/www.espaciosalvaje.com\/en\/wp-json\/wp\/v2\/media?parent=4627"}],"wp:term":[{"taxonomy":"tour_category","embeddable":true,"href":"https:\/\/www.espaciosalvaje.com\/en\/wp-json\/wp\/v2\/tour_category?post=4627"},{"taxonomy":"tour_tag","embeddable":true,"href":"https:\/\/www.espaciosalvaje.com\/en\/wp-json\/wp\/v2\/tour_tag?post=4627"}],"curies":[{"name":"wp","href":"https:\/\/api.w.org\/{rel}","templated":true}]}}

<p>The Iberian Wolf Center of CyL – Félix Rodríguez de la Fuente is an educational and socioeconomic revitalization resource linked to the Wolf Conservation and Management Plan in Castilla y León. Located in the northwest of the province of Zamora, it is located on a Public Utility Mountain in the town of Robledo de Sanabria (Puebla de Sanabria), with an area of 21 hectares.</p>
<p style="font-weight: 400;">It has several observatories within the complex where you can see the specimens from the center, getting to have them very very close.</p>
<p style="font-weight: 400;">We have areas outside the center where we can see it in total freedom, write to us to consult these activities.</p>

<p>The Iberian Wolf Center of Castilla y León is an educational complex located in the Spanish town of Robledo, belonging to the municipality of Puebla de Sanabria, in the northwestern area of the province of Zamora, autonomous community of Castilla y León. It was inaugurated in October 2015.</p>

<!-- This site is optimized with the Yoast SEO plugin v27.4 - https://yoast.com/product/yoast-seo-wordpress/ -->
<title>Observación de Lobo Ibérico - Espacio Salvaje</title>
<meta name="robots" content="index, follow, max-snippet:-1, max-image-preview:large, max-video-preview:-1" />
<link rel="canonical" href="https://www.espaciosalvaje.com/en/tour/observation-of-iberian-wolf/" />
<meta property="og:locale" content="en_US" />
<meta property="og:type" content="article" />
<meta property="og:title" content="Observación de Lobo Ibérico - Espacio Salvaje" />
<meta property="og:description" content="El Centro del Lobo Ibérico de Castilla y León es un complejo educativo ubicado en la localidad española de Robledo, perteneciente al municipio de Puebla de Sanabria, en la zona noroccidental de la provincia de Zamora, comunidad autónoma de Castilla y León. Fue inaugurado en octubre de 2015." />
<meta property="og:url" content="https://www.espaciosalvaje.com/en/tour/observation-of-iberian-wolf/" />
<meta property="og:site_name" content="Espacio Salvaje" />
<meta property="article:modified_time" content="2024-06-23T19:06:03+00:00" />
<meta property="og:image" content="https://www.espaciosalvaje.com/wp-content/uploads/2024/02/2022-038-Miguel-Angel-Gago-Gago-scaled.jpg" />
	<meta property="og:image:width" content="1920" />
	<meta property="og:image:height" content="1484" />
	<meta property="og:image:type" content="image/jpeg" />
<meta name="twitter:card" content="summary_large_image" />
<script type="application/ld+json" class="yoast-schema-graph">{"@context":"https:\/\/schema.org","@graph":[{"@type":"WebPage","@id":"https:\/\/www.espaciosalvaje.com\/tour\/observacion-de-lobo-iberico\/","url":"https:\/\/www.espaciosalvaje.com\/tour\/observacion-de-lobo-iberico\/","name":"Observación de Lobo Ibérico - Espacio Salvaje","isPartOf":{"@id":"https:\/\/www.espaciosalvaje.com\/#website"},"primaryImageOfPage":{"@id":"https:\/\/www.espaciosalvaje.com\/tour\/observacion-de-lobo-iberico\/#primaryimage"},"image":{"@id":"https:\/\/www.espaciosalvaje.com\/tour\/observacion-de-lobo-iberico\/#primaryimage"},"thumbnailUrl":"https:\/\/www.espaciosalvaje.com\/wp-content\/uploads\/2024\/02\/2022-038-Miguel-Angel-Gago-Gago-scaled.jpg","datePublished":"2024-05-02T10:26:34+00:00","dateModified":"2024-06-23T19:06:03+00:00","breadcrumb":{"@id":"https:\/\/www.espaciosalvaje.com\/tour\/observacion-de-lobo-iberico\/#breadcrumb"},"inLanguage":"en-US","potentialAction":[{"@type":"ReadAction","target":["https:\/\/www.espaciosalvaje.com\/tour\/observacion-de-lobo-iberico\/"]}]},{"@type":"ImageObject","inLanguage":"en-US","@id":"https:\/\/www.espaciosalvaje.com\/tour\/observacion-de-lobo-iberico\/#primaryimage","url":"https:\/\/www.espaciosalvaje.com\/wp-content\/uploads\/2024\/02\/2022-038-Miguel-Angel-Gago-Gago-scaled.jpg","contentUrl":"https:\/\/www.espaciosalvaje.com\/wp-content\/uploads\/2024\/02\/2022-038-Miguel-Angel-Gago-Gago-scaled.jpg","width":1920,"height":1484},{"@type":"BreadcrumbList","@id":"https:\/\/www.espaciosalvaje.com\/tour\/observacion-de-lobo-iberico\/#breadcrumb","itemListElement":[{"@type":"ListItem","position":1,"name":"Inicio","item":"https:\/\/www.espaciosalvaje.com\/"},{"@type":"ListItem","position":2,"name":"Observación de Lobo Ibérico"}]},{"@type":"WebSite","@id":"https:\/\/www.espaciosalvaje.com\/#website","url":"https:\/\/www.espaciosalvaje.com\/","name":"Espacio Salvaje","description":"Fotografía de Naturaleza - Fauna y naturaleza en estado puro","publisher":{"@id":"https:\/\/www.espaciosalvaje.com\/#organization"},"potentialAction":[{"@type":"SearchAction","target":{"@type":"EntryPoint","urlTemplate":"https:\/\/www.espaciosalvaje.com\/?s={search_term_string}"},"query-input":{"@type":"PropertyValueSpecification","valueRequired":true,"valueName":"search_term_string"}}],"inLanguage":"en-US"},{"@type":"Organization","@id":"https:\/\/www.espaciosalvaje.com\/#organization","name":"Espacio Salvaje","url":"https:\/\/www.espaciosalvaje.com\/","logo":{"@type":"ImageObject","inLanguage":"en-US","@id":"https:\/\/www.espaciosalvaje.com\/#\/schema\/logo\/image\/","url":"https:\/\/www.espaciosalvaje.com\/wp-content\/uploads\/2023\/04\/Logo-espacio-salvaje.png","contentUrl":"https:\/\/www.espaciosalvaje.com\/wp-content\/uploads\/2023\/04\/Logo-espacio-salvaje.png","width":1678,"height":1678,"caption":"Espacio Salvaje"},"image":{"@id":"https:\/\/www.espaciosalvaje.com\/#\/schema\/logo\/image\/"}}]}</script>
<!-- / Yoast SEO plugin. -->

Observación de Lobo Ibérico - Espacio Salvaje

El Centro del Lobo Ibérico de Castilla y León es un complejo educativo ubicado en la localidad española de Robledo, perteneciente al municipio de Puebla de Sanabria, en la zona noroccidental de la provincia de Zamora, comunidad autónoma de Castilla y León. Fue inaugurado en octubre de 2015.

Observación de Lobo Ibérico
